n 2792456 is divided by 9.
8
Calculate the remainder when 32789 is divided by 87.
77
What is the remainder when 347959 is divided by 97?
20
Calculate the remainder when 62099 is divided by 3102.
59
What is the remainder when 1981 is divided by 61?
29
What is the remainder when 6686 is divided by 178?
100
What is the remainder when 14535 is divided by 367?
222
Calculate the remainder when 51419 is divided by 6420.
59
What is the remainder when 74547 is divided by 66?
33
Calculate the remainder when 290750 is divided by 65.
5
Calculate the remainder when 2515 is divided by 33.
7
What is the remainder when 6103 is divided by 29?
13
Calculate the remainder when 295695 is divided by 65.
10
Calculate the remainder when 775 is divided by 154.
5
What is the remainder when 29959 is divided by 429?
358
Calculate the remainder when 2212 is divided by 20.
12
Calculate the remainder when 369764 is divided by 1906.
0
Calculate the remainder when 115359 is divided by 57676.
7
What is the remainder when 50599 is divided by 275?
274
Calculate the remainder when 24386 is divided by 2438.
6
What is the remainder when 18863 is divided by 64?
47
What is the remainder when 76700 is divided by 221?
13
Calculate the remainder when 557 is divided by 136.
13
What is the remainder when 1717 is divided by 851?
15
Calculate the remainder when 142 is divided by 103.
39
Calculate the remainder when 35974 is divided by 122.
106
What is the remainder when 11272 is divided by 1574?
254
Calculate the remainder when 10310 is divided by 52.
14
What is the remainder when 142623 is divided by 100?
23
What is the remainder when 13521 is divided by 73?
16
What is the remainder when 1109364 is divided by 84?
60
What is the remainder when 3619523 is divided by 185?
183
Calculate the remainder when 63438 is divided by 44.
34
What is the remainder when 46504 is divided by 517?
491
Calculate the remainder when 79117 is divided by 179.
178
What is the remainder when 29692 is divided by 64?
60
Calculate the remainder when 74718 is divided by 385.
28
Calculate the remainder when 1310 is divided by 381.
167
Calculate the remainder when 29435 is divided by 2098.
63
Calculate the remainder when 1557 is divided by 524.
509
What is the remainder when 226901 is divided by 1392?
5
What is the remainder when 1733 is divided by 885?
848
What is the remainder when 5162 is divided by 117?
14
Calculate the remainder when 531049 is divided by 1467.
1462
What is the remainder when 906404 is divided by 503?
501
Calculate the remainder when 1361210 is divided by 453735.
5
Calculate the remainder when 204810 is divided by 6.
0
Calculate the remainder when 4982 is divided by 45.
32
What is the remainder when 2704 is divided by 230?
174
Calculate the remainder when 3422 is divided by 116.
58
What is the remainder when 9100 is divided by 4535?
30
What is the remainder when 1127 is divided by 341?
104
Calculate the remainder when 114700 is divided by 38.
16
What is the remainder when 2558 is divided by 8?
6
What is the remainder when 845 is divided by 118?
19
What is the remainder when 6854 is divided by 38?
14
What is the remainder when 275397 is divided by 36?
33
What is the remainder when 14003 is divided by 3491?
39
Calculate the remainder when 931290 is divided by 872.
866
What is the remainder when 77396 is divided by 25?
21
Calculate the remainder when 5279519 is divided by 10.
9
What is the remainder when 60383 is divided by 305?
298
What is the remainder when 101 is divided by 4?
1
What is the remainder when 18175 is divided by 572?
443
What is the remainder when 31330 is divided by 1013?
940
Calculate the remainder when 19502 is divided by 50.
2
Calculate the remainder when 38570 is divided by 2755.
0
What is the remainder when 2660 is divided by 313?
156
Calculate the remainder when 87084 is divided by 77.
74
What is the remainder when 20784 is divided by 6833?
285
Calculate the remainder when 7620 is divided by 693.
690
Calculate the remainder when 192233 is divided by 144.
137
Calculate the remainder when 4410 is divided by 759.
615
What is the remainder when 265059 is divided by 265041?
18
Calculate the remainder when 31867 is divided by 257.
256
What is the remainder when 8903 is divided by 563?
458
Calculate the remainder when 14364 is divided by 189.
0
Calculate the remainder when 3094 is divided by 934.
292
What is the remainder when 1122247 is divided by 250?
247
What is the remainder when 1027 is divided by 83?
31
Calculate the remainder when 19997 is divided by 3332.
5
What is the remainder when 3403 is divided by 568?
563
Calculate the remainder when 2427 is divided by 38.
33
Calculate the remainder when 29259 is divided by 259.
251
What is the remainder when 229012 is divided by 163?
160
What is the remainder when 27034 is divided by 612?
106
Calculate the remainder when 5611 is divided by 1336.
267
What is the remainder when 8948 is divided by 506?
346
Calculate the remainder when 3085498 is divided by 363.
361
What is the remainder when 84696 is divided by 70?
66
What is the remainder when 15971 is divided by 166?
35
What is the remainder when 31331 is divided by 2847?
14
Calculate the remainder when 71814 is divided by 540.
534
What is the remainder when 855 is divided by 287?
281
Calculate the remainder when 509107 is divided by 669.
667
Calculate the remainder when 1717 is divided by 82.
77
Calculate the remainder when 7471 is divided by 618.
55
What is the remainder when 78316 is divided by 3132?
16
Calculate the remainder when 674 is divided by 31.
23
What is the remainder when 22606 is divided by 10722?
1162
Calculate the remainder when 471 is divided by 175.
121
What is the remainder when 188004 is divided by 32?
4
What is the remainder when 21485 is divided by 37?
25
Calculate the remainder when 6583 is divided by 3148.
287
What is the remainder when 1871 is divided by 104?
103
Calculate the remainder when 3481281 is divided by 14.
13
Calculate the remainder when 176 is divided by 102.
74
What is the remainder when 285023 is divided by 16?
15
Calculate the remainder when 2586 is divided by 220.
166
What is the remainder when 81697 is divided by 27231?
4
Calculate the remainder when 29332 is divided by 76.
72
Calculate the remainder when 2036 is divided by 187.
166
Calculate the remainder when 9716 is divided by 4858.
0
What is the remainder when 160445 is divided by 3027?
14
What is the remainder when 30508 is divided by 662?
56
Calculate the remainder when 3765 is divided by 27.
12
Calculate the remainder when 185294 is divided by 251.
56
What is the remainder when 2507 is divided by 210?
197
What is the remainder when 3195478 is divided by 10?
8
What is the remainder when 7936 is divided by 227?
218
Calculate the remainder when 28467 is divided by 2361.
135
What is the remainder when 23250 is divided by 3807?
408
What is the remainder when 9451 is divided by 126?
1
What is the remainder when 2645 is divided by 41?
21
Calculate the remainder when 2289 is divided by 68.
45
Calculate the remainder when 55555 is divided by 34.
33
What is the remainder when 9007 is divided by 452?
419
Calculate the remainder when 112500 is divided by 112476.
24
What is the remainder when 1389 is divided by 671?
47
Calculate the remainder when 15181 is divided by 2166.
19
Calculate the remainder when 5344 is divided by 1336.
0
What is the remainder when 55724 is divided by 187?
185
What is the remainder when 110142 is divided by 36709?
15
Calculate the remainder when 427 is divided by 120.
67
Calculate the remainder when 10403 is divided by 98.
15
What is the remainder when 21086 is divided by 285?
281
What is the remainder when 4187 is divided by 246?
5
What is the remainder when 26591 is divided by 241?
81
Calculate the remainder when 40848 is divided by 4084.
8
Calculate the remainder when 20242 is divided by 105.
82
Calculate the remainder when 28341 is divided by 383.
382
Calculate the remainder when 83382 is divided by 1084.
998
Calculate the remainder when 153028 is divided by 30604.
8
Calculate the remainder when 104863 is divided by 32.
31
Calculate the remainder when 3921709 is divided by 201.
199
Calculate the remainder when 14375 is divided by 48.
23
What is the remainder when 15556 